
6
Let z = 1 + 2. Let r be 53/318 + 2 + (-298)/(-12). Calculate the highest common divisor of z and r.
3
Let y = 16 + -12. Suppose y*t - 2*t - 76 = -5*r, -5*t = -3*r - 190. What is the highest common factor of t and 38?
38
Suppose -j - 3*d + 3 = 2, 0 = -j - 5*d - 3. Let v(o) = j*o**2 + 24 - 2*o - 22 + 0*o + o. Let w be v(1). What is the greatest common factor of 16 and w?
8
Let g be (-3)/2*(6 - 4). Suppose -4*d + 138 = -3*y, 5*y + 158 = 4*d - 80. Let x be (3/g)/2*y. Calculate the greatest common divisor of x and 75.
25
Suppose -9*m + 90 = -12*m. Let v = -16 - m. Calculate the greatest common divisor of v and 14.
14
Suppose 10*q + 972 = 19*q. Let d = q - -2. What is the greatest common factor of 10 and d?
10
Let x(g) = -g**2 + g. Let i(d) = 4*d**2 + 7*d + 1. Let m(y) = i(y) + 3*x(y). Let c be m(-11). What is the greatest common divisor of c and 2?
2
Let q be (1479/(-12))/(-1*10/80). Calculate the greatest common divisor of 68 and q.
34
Let w(i) = -i + 36. Let b = -27 + 45. Let z be w(b). What is the greatest common divisor of 45 and z?
9
Let f(i) = -13*i**3 + 78*i**2 + 4*i - 8. Let y be f(6). Suppose 3*j - 21 = 27. What is the highest common divisor of y and j?
16
Let q be (4 + 3)/((-1)/(-10)). Let i = -27 + 41. Calculate the greatest common divisor of q and i.
14
Suppose 6*n - 4*s = 2*n + 12, -4*n = -s - 9. Suppose 0 = n*q - 263 - 353. Calculate the highest common factor of q and 28.
28
Suppose -42 = -2*q - 3*g, 0 = 5*q - g - 39 - 49. Let y = 80 + -35. What is the greatest common divisor of q and y?
9
Suppose 3*g - 109 = j, -4*g + 3*j = 49 - 196. Suppose -6*a + 10*a - g = 0. What is the highest common factor of a and 63?
9
Suppose 0 = 3*z - 38 - 46. Let r = -13 - -13. Suppose -4 = -g - r. What is the greatest common factor of z and g?
4
Let n be ((-8)/((-80)/205))/((-1)/(-2)). What is the greatest common factor of 2747 and n?
41
Suppose 0 = -u + 61 - 10. Let k = 355 - 321. What is the greatest common divisor of k and u?
17
Let k(q) = -5*q**2 - q + 2. Let i be k(2). Let z(n) = 2*n**3 - 3*n**2 - 3*n + 2. Let p be z(-3). Let c = i - p. What is the greatest common factor of 20 and c?
10
Let v be -145 + 198 - (0 - (3 + 0)). Suppose 3*o - 36 = -12. Calculate the highest common divisor of v and o.
8
Suppose -8*k = 39*k - 564. Suppose 0 = 5*g + 2*l - 4*l + 11, g + 4*l = 11. Let r = g + k. Calculate the highest common factor of 55 and r.
11
Suppose -5*z - 2*f = -102 - 33, -2*z = 2*f - 60. Let s = -31480 - -31605. What is the highest common divisor of z and s?
25
Let m(z) = -2*z - 6. Let h be m(-4). Suppose h*n = 4*y - 26, 0*y + 2*n = -5*y + 55. Suppose -p - 2*p + 216 = 0. What is the highest common divisor of p and y?
9
Let x = 345 - 599. Let t = 356 + x. Let s = t - 12. Calculate the highest common factor of s and 10.
10
Let h = 182 + -321. Let j = h + 153. What is the highest common divisor of 224 and j?
14
Let f be ((-20)/(-1) + 1)*20/15. What is the greatest common divisor of f and 196?
28
Let s(k) = -k**2 - 29*k + 34. Let l be s(-30). Let b be (6/l + -1)*20. What is the greatest common divisor of 15 and b?
5
Suppose 18*v - 760 - 50 = 0. What is the highest common divisor of 1035 and v?
45
Suppose -6*f + 11*f + 150 = 0. Let y be (-3 + f/(-14))*-28. Suppose -5*t + 296 = -4. Calculate the highest common factor of t and y.
12
Suppose -3*s - 7*z + 34 = -3*z, -5*s - 5*z = -60. Suppose -12*v + s*v - 12 = 0. Calculate the highest common divisor of v and 54.
6
Suppose -4*t - 2*w = -268, 3*t - 5*w - 324 = -110. What is the highest common factor of t and 153?
17
Let h = -19 - -18. Let o be 164/8*2 - h. Let w = 29 + -8. What is the greatest common divisor of o and w?
21
Let g = -56 - -86. Let h = 132 + -42. Calculate the greatest common divisor of g and h.
30
Suppose 8*p + 56 = 296. What is the greatest common divisor of p and 170?
10
Suppose -12*a = -8*a - 56. Let b(y) = -y**3 + 6*y**2 - 5*y - 3. Let n be b(4). Let g be 1132/n + 6/27. What is the highest common divisor of a and g?
14
Let o = 1008 + -823. What is the highest common divisor of 5 and o?
5
Suppose 2*y = -5*z + 2*z + 9, -4*y + 21 = 5*z. Let v be -2 - -3 - 220/(-5). What is the greatest common divisor of v and y?
9
Let u be (-154)/(-6) - (-5)/(-3). What is the highest common factor of 168 and u?
24
Let b(v) be the second derivative of v**5/20 + v**4/12 + v**3/6 + 6*v**2 + 7*v. Let f be b(0). Let u = -5 + 65. What is the greatest common divisor of f and u?
12
Let k = 44 + 73. Calculate the greatest common factor of 9 and k.
9
Let r be -1 - 1/2*-62. Calculate the highest common divisor of r and 20.
10
Suppose 4*w - 5*t = 6*w - 14, 4 = -w + 3*t. Suppose -4*l + 14 = -w*l. What is the greatest common divisor of 28 and l?
7
Suppose 4*t + 42 = -4*f + t, -3*t - 6 = 0. Let n be f/63 - 1422/(-7). What is the greatest common factor of n and 29?
29
Suppose -2*y = -0*q - 4*q + 122, -2*y - 102 = q. Let v = -35 - y. Suppose -2 = b - 4. Calculate the greatest common divisor of b and v.
2
Let s(g) = 79*g + 2. Let w be s(4). Suppose 0 = -4*t + 294 + 98. Suppose 4*r - w + t = 0. Calculate the greatest common factor of 5 and r.
5
Suppose -17 + 26 = d. Suppose 0*s = -3*s + 27. What is the highest common factor of s and d?
9
Let c be (1847/1 + -2)*(-2)/(-6). What is the highest common factor of c and 30?
15
Let o = 13 - 17. Let g be (-1)/(-4) - 279/o. Suppose -r = -49 - g. Calculate the greatest common factor of 17 and r.
17
Let g be 5 + -2 + 672/6. Suppose -2*s = 3*s - g. What is the highest common factor of s and 207?
23
Let u(a) = 11*a + 12. Let z = 57 + -54. Let c be u(z). What is the highest common divisor of 45 and c?
45
Let v(w) = -w**2 - 18*w - 14. Let c be (0 - 4)/(0 - (-2)/6). Let n be v(c). What is the greatest common divisor of n and 87?
29
Let g be 60*8/(-18)*(-48)/32. Suppose -10 = -y + f, y - f = 2*f + 20. What is the greatest common divisor of g and y?
5
Suppose -104 = -3*l + 10. Let f = -333 + 193. Let a = -45 - f. Calculate the greatest common factor of a and l.
19
Let h be 5/(-1) - -6 - -11. Calculate the highest common divisor of h and 24.
12
Let l(a) = -a + 16. Suppose -3*m + 34 = 10. Let b be l(m). Suppose 135 = -3*s + b*s. What is the highest common divisor of s and 9?
9
Let s(u) = -u**3 - 22*u**2 - 24*u - 40. Let j be s(-21). What is the greatest common divisor of 184 and j?
23
Let m(v) = v + 8. Let q be m(-8). Suppose q = 2*b + 5*b - 182. Let n be (b/5)/((-22)/(-55)). What is the highest common divisor of 13 and n?
13
Let i = 13 - 13. Suppose 0 = 2*b - 6*b - 2*r + 30, 5*b + r - 36 = i. Let q = 19 + b. What is the highest common factor of 13 and q?
13
Suppose 0 = 7*j - 2*j + 60. Let u = 12 - j. Suppose -4*m + 0*h + 5*h + 235 = 0, -3*m + 182 = 2*h. What is the greatest common divisor of m and u?
12
Let r be (21/(-2))/(707/(-1212)). Calculate the greatest common factor of r and 63.
9
Let j be 90 + (-6)/(18/(-15)) + 0. Calculate the highest common divisor of 133 and j.
19
Let q = 635 + -615. What is the highest common divisor of 20 and q?
20
Let o be 3*6 + (19 - 15). Let m(x) = -x**2 - 14*x - 2. Let u = -17 - -4. Let c be m(u). Calculate the highest common divisor of c and o.
11
Let j(c) = -2*c**2 - 24*c - 3. Let a be j(-12). Let w be 5 - a*(-3 - -4). Calculate the greatest common divisor of w and 20.
4
Suppose 4*d - 5*d = -4. Let z = -1 + d. Let o = 50 - 47. What is the greatest common divisor of z and o?
3
Suppose -2*k - 13 = -5*c, 2*k + 1 = -2*c + 9. Suppose -53*b + 48*b = -30. What is the highest common factor of b and c?
3
Let b(w) = -5*w + 2. Let r be b(-2). Let f = 62 - r. Let z = 7 - -3. Calculate the greatest common factor of f and z.
10
Let k = 323 + -148. What is the greatest common divisor of 5 and k?
5
Let a(s) = 207*s**2 + 35*s + 6. Let f be a(2). What is the highest common divisor of 4 and f?
4
Let w(l) = -103*l - 990. Let y be w(-11). Suppose k - 13 = -0*k. What is the highest common factor of k and y?
13
Suppose 0 = 3*d, 0*d + 4*d = 3*b. Suppose -g + b*w + 3*w = -35, -3*g - 3*w + 45 = 0. Calculate the greatest common factor of g and 5.
5
Let d(g) = 2*g**2 + 14*g + 21. Let f be d(-12). Let n = -116 + f. What is the greatest common factor of 15 and n?
5
Let g = 3 - -3. Suppose 4 = -n + g. Suppose -n = -d + 14. Calculate the highest common divisor of 4 and d.
4
Suppose 2*x - 11 =